{"id":1918,"date":"2014-02-17T18:37:18","date_gmt":"2014-02-17T18:37:18","guid":{"rendered":"http:\/\/www.goitaca.com.br\/palmas\/?page_id=1918"},"modified":"2014-03-31T14:03:09","modified_gmt":"2014-03-31T14:03:09","slug":"pagamento-por-servicos-ambientais","status":"publish","type":"page","link":"https:\/\/goitaca.com.br\/palmas\/?page_id=1918","title":{"rendered":"Pagamento por servi\u00e7os ambientais"},"content":{"rendered":"<h4><b>Lucre conservando o meio ambiente!<\/b><\/h4>\n<p>&nbsp;<\/p>\n<p style=\"text-align: justify;\">Procurando inovar cada vez mais neste setor, a GOITAC\u00c1 \u2013 Solu\u00e7\u00f5es Ambientais e Geotecnol\u00f3gicas traz at\u00e9 voc\u00ea, a oportunidade de LUCRAR e CONSERVAR o meio ambiente, elaborando estudos e projetos espec\u00edficos para sua propriedade, afim de se enquadrar nos Projetos de Pagamentos por Servi\u00e7os Ambientais (PSA).<\/p>\n<p style=\"text-align: justify;\">O PSA \u00e9 um mecanismo onde quem protege a Natureza \u00e9 remunerado economicamente, ou seja, \u00e9 uma forma de valorar os bens e servi\u00e7os ambientais e estimular a conserva\u00e7\u00e3o, atribuindo-lhes valor econ\u00f4mico.<\/p>\n<p style=\"text-align: justify;\">A empresa, com sua experi\u00eancia, atende esse servi\u00e7o tamb\u00e9m no campo de ICMS Ecol\u00f3gico. <a href=\"http:\/\/www.icmsecologico.org.br\/index.php?option=com_content&amp;view=article&amp;id=48&amp;Itemid=53\" target=\"_blank\">Clique aqui <\/a>e saiba mais como funciona o ICMS Ecol\u00f3gico, uma das formas de pagamento por servi\u00e7os ambientais onde TODOS GANHAM.<\/p>\n","protected":false},"excerpt":{"rendered":"<p>Lucre conservando o meio ambiente! &nbsp; Procurando inovar cada vez mais neste setor, a GOITAC\u00c1 \u2013 Solu\u00e7\u00f5es Ambientais e Geotecnol\u00f3gicas traz at\u00e9 voc\u00ea, a oportunidade de LUCRAR e CONSERVAR o meio ambiente, elaborando estudos e projetos espec\u00edficos para sua propriedade, afim de se enquadrar nos Projetos de Pagamentos por Servi\u00e7os Ambientais (PSA). O PSA \u00e9 [&hellip;]<\/p>\n","protected":false},"author":1,"featured_media":0,"parent":0,"menu_order":0,"comment_status":"open","ping_status":"open","template":"","meta":{"footnotes":""},"class_list":["post-1918","page","type-page","status-publish","hentry"],"_links":{"self":[{"href":"https:\/\/goitaca.com.br\/palmas\/index.php?rest_route=\/wp\/v2\/pages\/1918","targetHints":{"allow":["GET"]}}],"collection":[{"href":"https:\/\/goitaca.com.br\/palmas\/index.php?rest_route=\/wp\/v2\/pages"}],"about":[{"href":"https:\/\/goitaca.com.br\/palmas\/index.php?rest_route=\/wp\/v2\/types\/page"}],"author":[{"embeddable":true,"href":"https:\/\/goitaca.com.br\/palmas\/index.php?rest_route=\/wp\/v2\/users\/1"}],"replies":[{"embeddable":true,"href":"https:\/\/goitaca.com.br\/palmas\/index.php?rest_route=%2Fwp%2Fv2%2Fcomments&post=1918"}],"version-history":[{"count":7,"href":"https:\/\/goitaca.com.br\/palmas\/index.php?rest_route=\/wp\/v2\/pages\/1918\/revisions"}],"predecessor-version":[{"id":2182,"href":"https:\/\/goitaca.com.br\/palmas\/index.php?rest_route=\/wp\/v2\/pages\/1918\/revisions\/2182"}],"wp:attachment":[{"href":"https:\/\/goitaca.com.br\/palmas\/index.php?rest_route=%2Fwp%2Fv2%2Fmedia&parent=1918"}],"curies":[{"name":"wp","href":"https:\/\/api.w.org\/{rel}","templated":true}]}}