{"id":2047,"date":"2014-04-04T14:33:49","date_gmt":"2014-04-04T14:33:49","guid":{"rendered":"http:\/\/www.goitaca.com.br\/palmas\/?page_id=2047"},"modified":"2014-04-07T14:10:18","modified_gmt":"2014-04-07T14:10:18","slug":"meio-ambiente","status":"publish","type":"page","link":"https:\/\/goitaca.com.br\/palmas\/?page_id=2047","title":{"rendered":"Meio Ambiente"},"content":{"rendered":"<p>A equipe da GOITAC\u00c1 \u2013 Solu\u00e7\u00f5es Ambientais e Geotecnologicas est\u00e1 de prontid\u00e3o para lhe assessorar em quaisquer assuntos ligados ao meio ambiente e suas interfaces, de acordo com suas necessidades e individualidades.<\/p>\n<h4><strong>Navegue pelas nossas principais \u00e1reas de atua\u00e7\u00e3o e solicite seu or\u00e7amento.<\/strong><\/h4>\n<p>&nbsp;<\/p>\n<p><a title=\"Editar \u201cCAR \u2013 Cadastro Ambiental Rural\u201d\" href=\"http:\/\/www.goitaca.com.br\/palmas\/regularizacao-de-propriedades-rurais\/\">CAR \u2013 Cadastro Ambiental Rural<\/a><\/p>\n<p><a href=\"http:\/\/www.goitaca.com.br\/palmas\/criacao-de-rppn\/\">Cria\u00e7\u00e3o e Gest\u00e3o de UC\u2019s<\/a><\/p>\n<p><a href=\"http:\/\/www.goitaca.com.br\/palmas\/licenciamento-ambiental\/\">\u00a0Licenciamento ambiental<\/a><\/p>\n<p><a href=\"http:\/\/www.goitaca.com.br\/palmas\/pagamento-por-servicos-ambientais\/\">Pagamento por servi\u00e7os ambientais<\/a><\/p>\n<p><a href=\"http:\/\/www.goitaca.com.br\/palmas\/pericia-e-laudos-ambientais\/\">Per\u00edcia e Laudos em Meio Ambiente e Geod\u00e9sia<\/a><\/p>\n<p><a href=\"http:\/\/www.goitaca.com.br\/palmas\/recuperacao-de-areas-degradadas\/\">Recupera\u00e7\u00e3o de \u00e1reas degradadas<\/a><\/p>\n","protected":false},"excerpt":{"rendered":"<p>A equipe da GOITAC\u00c1 \u2013 Solu\u00e7\u00f5es Ambientais e Geotecnologicas est\u00e1 de prontid\u00e3o para lhe assessorar em quaisquer assuntos ligados ao meio ambiente e suas interfaces, de acordo com suas necessidades e individualidades. Navegue pelas nossas principais \u00e1reas de atua\u00e7\u00e3o e solicite seu or\u00e7amento. &nbsp; CAR \u2013 Cadastro Ambiental Rural Cria\u00e7\u00e3o e Gest\u00e3o de UC\u2019s \u00a0Licenciamento [&hellip;]<\/p>\n","protected":false},"author":1,"featured_media":0,"parent":0,"menu_order":0,"comment_status":"open","ping_status":"open","template":"","meta":{"footnotes":""},"class_list":["post-2047","page","type-page","status-publish","hentry"],"_links":{"self":[{"href":"https:\/\/goitaca.com.br\/palmas\/index.php?rest_route=\/wp\/v2\/pages\/2047","targetHints":{"allow":["GET"]}}],"collection":[{"href":"https:\/\/goitaca.com.br\/palmas\/index.php?rest_route=\/wp\/v2\/pages"}],"about":[{"href":"https:\/\/goitaca.com.br\/palmas\/index.php?rest_route=\/wp\/v2\/types\/page"}],"author":[{"embeddable":true,"href":"https:\/\/goitaca.com.br\/palmas\/index.php?rest_route=\/wp\/v2\/users\/1"}],"replies":[{"embeddable":true,"href":"https:\/\/goitaca.com.br\/palmas\/index.php?rest_route=%2Fwp%2Fv2%2Fcomments&post=2047"}],"version-history":[{"count":5,"href":"https:\/\/goitaca.com.br\/palmas\/index.php?rest_route=\/wp\/v2\/pages\/2047\/revisions"}],"predecessor-version":[{"id":2225,"href":"https:\/\/goitaca.com.br\/palmas\/index.php?rest_route=\/wp\/v2\/pages\/2047\/revisions\/2225"}],"wp:attachment":[{"href":"https:\/\/goitaca.com.br\/palmas\/index.php?rest_route=%2Fwp%2Fv2%2Fmedia&parent=2047"}],"curies":[{"name":"wp","href":"https:\/\/api.w.org\/{rel}","templated":true}]}}