{"id":2125,"date":"2014-03-26T18:03:16","date_gmt":"2014-03-26T18:03:16","guid":{"rendered":"http:\/\/www.goitaca.com.br\/palmas\/?page_id=2125"},"modified":"2014-03-26T19:52:18","modified_gmt":"2014-03-26T19:52:18","slug":"estacao-de-tratamento-de-esgoto-domestico","status":"publish","type":"page","link":"https:\/\/goitaca.com.br\/palmas\/?page_id=2125","title":{"rendered":"Esta\u00e7\u00e3o de Tratamento de Esgoto Dom\u00e9stico"},"content":{"rendered":"<h6 style=\"text-align: justify;\">ETE<\/h6>\n<p>&nbsp;<\/p>\n<p style=\"text-align: justify;\">A equipe da Goitac\u00e1 elabora <b>projetos para coleta e tratamento de esgoto dom\u00e9stico<\/b>, atendendo todas as faixas de vaz\u00e3o, de acordo com as necessidades do cliente. Al\u00e9m da possibilidade do fornecimento, instala\u00e7\u00e3o e start-up dos equipamentos, sempre pensando no que h\u00e1 de melhor em tecnologia. Confira em <b>breve nosso cat\u00e1logo de equipamentos!<\/b><\/p>\n<p style=\"text-align: justify;\"><b>\u00a0\u00a0\u00a0\u00a0\u00a0\u00a0\u00a0 <\/b><b>Locais que precisam de ETEs:<\/b><\/p>\n<p style=\"text-align: justify;\">&#8211; Loteamentos residenciais e industriais;<\/p>\n<p style=\"text-align: justify;\">&#8211; \u00c1reas de expans\u00e3o urbana;<\/p>\n<p style=\"text-align: justify;\">&#8211; Canteiros de obras;<\/p>\n<p style=\"text-align: justify;\">&#8211; Industrias;<\/p>\n<p style=\"text-align: justify;\">&#8211; Hot\u00e9is e pousadas;<\/p>\n<p style=\"text-align: justify;\">&#8211; Comercio de variados tipos;<\/p>\n<p style=\"text-align: justify;\">&#8211; Resid\u00eancias e comunidades na zona rural;<\/p>\n<p style=\"text-align: justify;\">&#8211; Locais que desejam fazer o Re\u00faso \u00a0do efluente tratado;<\/p>\n<p style=\"text-align: justify;\">&#8211; Outros locais que n\u00e3o possuem acesso a rede publica coletora de esgoto;<\/p>\n<p style=\"text-align: justify;\">O tratamento de esgoto visa obter um efluente com caracter\u00edsticas que permita o lan\u00e7amento nos corpos d`\u00e1gua, infiltra\u00e7\u00e3o no solo, ou para ser reutilizado, de acordo com a Resolu\u00e7\u00e3o CONAMA 430\/2011.<\/p>\n<p style=\"text-align: justify;\">Os <b>processos mais utilizados <\/b>na remo\u00e7\u00e3o de poluentes presentes no esgoto dom\u00e9stico s\u00e3o:<\/p>\n<p style=\"text-align: justify;\">&#8211; LODOS ATIVADOS;<\/p>\n<p style=\"text-align: justify;\">&#8211; REATOR UASB;<\/p>\n<p style=\"text-align: justify;\">&#8211; FILTRO BIOL\u00d3GICO AERADO SUBMERSO;<\/p>\n<p style=\"text-align: justify;\">&#8211; REATOR H\u00cdBRIDO ANAER\u00d3BIO;<\/p>\n<p style=\"text-align: justify;\">&#8211; FILTRO ANAER\u00d3BIO;<\/p>\n<p style=\"text-align: justify;\">&#8211; TANQUE S\u00c9PTICO;<\/p>\n","protected":false},"excerpt":{"rendered":"<p>ETE &nbsp; A equipe da Goitac\u00e1 elabora projetos para coleta e tratamento de esgoto dom\u00e9stico, atendendo todas as faixas de vaz\u00e3o, de acordo com as necessidades do cliente. Al\u00e9m da possibilidade do fornecimento, instala\u00e7\u00e3o e start-up dos equipamentos, sempre pensando no que h\u00e1 de melhor em tecnologia. Confira em breve nosso cat\u00e1logo de equipamentos! \u00a0\u00a0\u00a0\u00a0\u00a0\u00a0\u00a0 [&hellip;]<\/p>\n","protected":false},"author":1,"featured_media":0,"parent":0,"menu_order":0,"comment_status":"open","ping_status":"open","template":"","meta":{"footnotes":""},"class_list":["post-2125","page","type-page","status-publish","hentry"],"_links":{"self":[{"href":"https:\/\/goitaca.com.br\/palmas\/index.php?rest_route=\/wp\/v2\/pages\/2125","targetHints":{"allow":["GET"]}}],"collection":[{"href":"https:\/\/goitaca.com.br\/palmas\/index.php?rest_route=\/wp\/v2\/pages"}],"about":[{"href":"https:\/\/goitaca.com.br\/palmas\/index.php?rest_route=\/wp\/v2\/types\/page"}],"author":[{"embeddable":true,"href":"https:\/\/goitaca.com.br\/palmas\/index.php?rest_route=\/wp\/v2\/users\/1"}],"replies":[{"embeddable":true,"href":"https:\/\/goitaca.com.br\/palmas\/index.php?rest_route=%2Fwp%2Fv2%2Fcomments&post=2125"}],"version-history":[{"count":7,"href":"https:\/\/goitaca.com.br\/palmas\/index.php?rest_route=\/wp\/v2\/pages\/2125\/revisions"}],"predecessor-version":[{"id":2166,"href":"https:\/\/goitaca.com.br\/palmas\/index.php?rest_route=\/wp\/v2\/pages\/2125\/revisions\/2166"}],"wp:attachment":[{"href":"https:\/\/goitaca.com.br\/palmas\/index.php?rest_route=%2Fwp%2Fv2%2Fmedia&parent=2125"}],"curies":[{"name":"wp","href":"https:\/\/api.w.org\/{rel}","templated":true}]}}