{"id":2140,"date":"2014-03-26T18:15:45","date_gmt":"2014-03-26T18:15:45","guid":{"rendered":"http:\/\/www.goitaca.com.br\/palmas\/?page_id=2140"},"modified":"2014-03-26T19:52:56","modified_gmt":"2014-03-26T19:52:56","slug":"estacao-de-tratamento-de-agua-eta","status":"publish","type":"page","link":"https:\/\/goitaca.com.br\/palmas\/?page_id=2140","title":{"rendered":"Esta\u00e7\u00e3o de Tratamento de \u00c1gua"},"content":{"rendered":"<h6>ETA<\/h6>\n<p>&nbsp;<\/p>\n<p style=\"text-align: justify;\">A <b>\u00e1gua para consumo humano<\/b>, na maioria dos casos, necessita passar por um processo de tratamento para atingir os padr\u00f5es de potabilidade requeridos pela Portaria 2914\/2011 do Minist\u00e9rio da Sa\u00fade.<\/p>\n<p style=\"text-align: justify;\">A Goitac\u00e1 desenvolve seus projetos de acordo com a norma da ABNT NBR 12216\/92, que fixa as condi\u00e7\u00f5es exig\u00edveis para a elabora\u00e7\u00e3o de projeto de esta\u00e7\u00e3o de tratamento de \u00e1gua destinada \u00e0 produ\u00e7\u00e3o de <b>\u00e1gua pot\u00e1vel para abastecimento p\u00fablico.<\/b><\/p>\n","protected":false},"excerpt":{"rendered":"<p>ETA &nbsp; A \u00e1gua para consumo humano, na maioria dos casos, necessita passar por um processo de tratamento para atingir os padr\u00f5es de potabilidade requeridos pela Portaria 2914\/2011 do Minist\u00e9rio da Sa\u00fade. A Goitac\u00e1 desenvolve seus projetos de acordo com a norma da ABNT NBR 12216\/92, que fixa as condi\u00e7\u00f5es exig\u00edveis para a elabora\u00e7\u00e3o de [&hellip;]<\/p>\n","protected":false},"author":1,"featured_media":0,"parent":0,"menu_order":0,"comment_status":"open","ping_status":"open","template":"","meta":{"footnotes":""},"class_list":["post-2140","page","type-page","status-publish","hentry"],"_links":{"self":[{"href":"https:\/\/goitaca.com.br\/palmas\/index.php?rest_route=\/wp\/v2\/pages\/2140","targetHints":{"allow":["GET"]}}],"collection":[{"href":"https:\/\/goitaca.com.br\/palmas\/index.php?rest_route=\/wp\/v2\/pages"}],"about":[{"href":"https:\/\/goitaca.com.br\/palmas\/index.php?rest_route=\/wp\/v2\/types\/page"}],"author":[{"embeddable":true,"href":"https:\/\/goitaca.com.br\/palmas\/index.php?rest_route=\/wp\/v2\/users\/1"}],"replies":[{"embeddable":true,"href":"https:\/\/goitaca.com.br\/palmas\/index.php?rest_route=%2Fwp%2Fv2%2Fcomments&post=2140"}],"version-history":[{"count":3,"href":"https:\/\/goitaca.com.br\/palmas\/index.php?rest_route=\/wp\/v2\/pages\/2140\/revisions"}],"predecessor-version":[{"id":2168,"href":"https:\/\/goitaca.com.br\/palmas\/index.php?rest_route=\/wp\/v2\/pages\/2140\/revisions\/2168"}],"wp:attachment":[{"href":"https:\/\/goitaca.com.br\/palmas\/index.php?rest_route=%2Fwp%2Fv2%2Fmedia&parent=2140"}],"curies":[{"name":"wp","href":"https:\/\/api.w.org\/{rel}","templated":true}]}}