{"id":2150,"date":"2014-03-26T18:54:58","date_gmt":"2014-03-26T18:54:58","guid":{"rendered":"http:\/\/www.goitaca.com.br\/palmas\/?page_id=2150"},"modified":"2014-03-26T18:54:58","modified_gmt":"2014-03-26T18:54:58","slug":"plano-integrado-de-gerenciamento-de-residuos","status":"publish","type":"page","link":"https:\/\/goitaca.com.br\/palmas\/?page_id=2150","title":{"rendered":"Plano Integrado de Gerenciamento de Res\u00edduos"},"content":{"rendered":"<h6 style=\"text-align: justify;\"><span style=\"line-height: 1.5em;\">\u00a0PIGRS<\/span><\/h6>\n<p style=\"text-align: justify;\">\u00a0\u00a0\u00a0\u00a0\u00a0\u00a0\u00a0\u00a0\u00a0 O Plano Integrado de Gerenciamento de Res\u00edduos\u00a0 S\u00f3lidos, de acordo com a Pol\u00edtica Nacional de Res\u00edduos S\u00f3lidos Lei 12.305\/2010, devem ser <b>elaborados e implantados por todas as atividades licenci\u00e1veis, at\u00e9 o ano de 2014. <\/b><\/p>\n<p style=\"text-align: justify;\">\u00a0\u00a0\u00a0\u00a0\u00a0\u00a0\u00a0\u00a0\u00a0\u00a0\u00a0 Nossa equipe trabalha no <b>desenvolvimento e implanta\u00e7\u00e3o dos Planos de Res\u00edduos<\/b>.<\/p>\n<p style=\"text-align: justify;\">\u00a0\u00a0\u00a0\u00a0\u00a0\u00a0\u00a0\u00a0\u00a0\u00a0\u00a0 Est\u00e3o <b>sujeitos a elabora\u00e7\u00e3o dos planos<\/b>:<\/p>\n<p style=\"text-align: justify;\">&#8211;\u00a0\u00a0\u00a0\u00a0\u00a0\u00a0 Prestadores de servi\u00e7os p\u00fablicos de saneamento b\u00e1sico;<\/p>\n<p style=\"text-align: justify;\">&#8211;\u00a0\u00a0\u00a0\u00a0\u00a0\u00a0 Estabelecimentos industriais;<\/p>\n<p style=\"text-align: justify;\">&#8211;\u00a0\u00a0\u00a0\u00a0\u00a0\u00a0 Servi\u00e7os de Sa\u00fade;<\/p>\n<p style=\"text-align: justify;\">&#8211;\u00a0\u00a0\u00a0\u00a0\u00a0\u00a0 Atividades de Minera\u00e7\u00e3o;<\/p>\n<p style=\"text-align: justify;\">&#8211;\u00a0\u00a0\u00a0\u00a0\u00a0\u00a0 Estabelecimentos comerciais que gerem res\u00edduos perigoso ou que n\u00e3o s\u00e3o equiparados pelo Poder P\u00fablico Municipal aos res\u00edduos urbanos;<\/p>\n<p style=\"text-align: justify;\">&#8211;\u00a0\u00a0\u00a0\u00a0\u00a0\u00a0 Empresas de constru\u00e7\u00e3o civil;<\/p>\n<p style=\"text-align: justify;\">&#8211;\u00a0\u00a0\u00a0\u00a0\u00a0\u00a0 Respons\u00e1veis por terminais de servi\u00e7os de transportes;<\/p>\n<p style=\"text-align: justify;\">&#8211;\u00a0\u00a0\u00a0\u00a0\u00a0\u00a0 Respons\u00e1veis por atividades agrosilvipastoris.<\/p>\n<p style=\"text-align: justify;\">\u00a0\u00a0\u00a0 O <b>Plano de Res\u00edduos \u00e9 parte integrante do licenciamento.<\/b> Quando dispensados, cabe a autoridade municipal a sua aprova\u00e7\u00e3o.<\/p>\n","protected":false},"excerpt":{"rendered":"<p>\u00a0PIGRS \u00a0\u00a0\u00a0\u00a0\u00a0\u00a0\u00a0\u00a0\u00a0 O Plano Integrado de Gerenciamento de Res\u00edduos\u00a0 S\u00f3lidos, de acordo com a Pol\u00edtica Nacional de Res\u00edduos S\u00f3lidos Lei 12.305\/2010, devem ser elaborados e implantados por todas as atividades licenci\u00e1veis, at\u00e9 o ano de 2014. \u00a0\u00a0\u00a0\u00a0\u00a0\u00a0\u00a0\u00a0\u00a0\u00a0\u00a0 Nossa equipe trabalha no desenvolvimento e implanta\u00e7\u00e3o dos Planos de Res\u00edduos. \u00a0\u00a0\u00a0\u00a0\u00a0\u00a0\u00a0\u00a0\u00a0\u00a0\u00a0 Est\u00e3o sujeitos a elabora\u00e7\u00e3o dos planos: [&hellip;]<\/p>\n","protected":false},"author":1,"featured_media":0,"parent":0,"menu_order":0,"comment_status":"open","ping_status":"open","template":"","meta":{"footnotes":""},"class_list":["post-2150","page","type-page","status-publish","hentry"],"_links":{"self":[{"href":"https:\/\/goitaca.com.br\/palmas\/index.php?rest_route=\/wp\/v2\/pages\/2150","targetHints":{"allow":["GET"]}}],"collection":[{"href":"https:\/\/goitaca.com.br\/palmas\/index.php?rest_route=\/wp\/v2\/pages"}],"about":[{"href":"https:\/\/goitaca.com.br\/palmas\/index.php?rest_route=\/wp\/v2\/types\/page"}],"author":[{"embeddable":true,"href":"https:\/\/goitaca.com.br\/palmas\/index.php?rest_route=\/wp\/v2\/users\/1"}],"replies":[{"embeddable":true,"href":"https:\/\/goitaca.com.br\/palmas\/index.php?rest_route=%2Fwp%2Fv2%2Fcomments&post=2150"}],"version-history":[{"count":1,"href":"https:\/\/goitaca.com.br\/palmas\/index.php?rest_route=\/wp\/v2\/pages\/2150\/revisions"}],"predecessor-version":[{"id":2151,"href":"https:\/\/goitaca.com.br\/palmas\/index.php?rest_route=\/wp\/v2\/pages\/2150\/revisions\/2151"}],"wp:attachment":[{"href":"https:\/\/goitaca.com.br\/palmas\/index.php?rest_route=%2Fwp%2Fv2%2Fmedia&parent=2150"}],"curies":[{"name":"wp","href":"https:\/\/api.w.org\/{rel}","templated":true}]}}